 -9 - (22 - 17).
2
What is the value of (4 - (7 + 0)) + 0 + 3?
0
Evaluate 0 + 4 + 1 + (6 - 8).
3
What is (-16 - -2) + 5 + 10?
1
What is the value of -6 - (8 + (-5 - (2 - -6)))?
-1
What is the value of -13 + 27 + (-17 - -8)?
5
Evaluate 0 - -1 - (8 - (6 - 2)).
-3
-2 + 2 - (4 + -2 - -2)
-4
-1 + (-2 + -2 - -4)
-1
Calculate (-25 - -22) + (-6 - -1).
-8
Evaluate 65 + -60 - (-2 - 0).
7
What is -2 + 6 + (2 - 6)?
0
Calculate (3 - 1) + (36 - 30) - 2.
6
What is -7 - 1 - (-1 + -2)?
-5
What is -1 + (3 - 0) + -7?
-5
Evaluate (-6 - -4) + 3 + 1.
2
10 - (-5 - 5 - -12)
8
What is the value of (22 - 19) + (0 - 2) + 2?
3
Evaluate -10 - -16 - (7 - 0).
-1
1 + (4 - 1 - 9) + 2
-3
Evaluate (1 + -3 - -4) + -5.
-3
-3 - -3 - -1 - 5
-4
Evaluate -2 + 8 + -6 + (3 - -3).
6
(-7 - 5) + 5 + -1 + 3
-5
What is -5 + 0 - (4 - (5 + -1))?
-5
Calculate 6 + -12 - (-3 + (1 - 1)).
-3
What is (-6 - -1) + 11 + -11 + 3?
-2
Evaluate -3 + (4 - -2) + -8.
-5
Calculate (2 - 2) + 9 - 13.
-4
What is the value of 4 + 14 + -11 - (1 - -1)?
5
What is 8 - 4 - (5 + 2)?
-3
-6 + -4 + 3 + 0
-7
Calculate 3 + (6 - 9) - (-4 - -3).
1
Calculate -10 - (-14 - (-2 - 2)).
0
Calculate -5 - -1 - 2 - (-7 + 9).
-8
Evaluate -5 + 4 + (-1 + 0 - -5).
3
What is the value of (-3 - (2 + (-5 - -1))) + 5?
4
Evaluate 4 + ((2 - 1) + -1 - 1).
3
What is the value of (0 - (-6 + 3)) + 1?
4
3 + -2 + 4 + -3 - 3
-1
Calculate 9 - (1 + -1 + (24 - 17)).
2
What is the value of (7 - 1) + (88 - 88)?
6
Calculate -8 + (6 - (-1 - -3 - -2)).
-6
Calculate (-1 - (-2 - 1)) + (-1 - 2).
-1
What is -5 + 6 + -6 + 10?
5
(3 - 1) + -7 + (3 - -1)
-1
(10 + 3 + 2 - 7) + -17
-9
What is the value of -4 + (-4 - -6) + 5?
3
Calculate -5 + (-1 - 0) - (-8 - -6).
-4
Calculate (0 - -6) + 37 + -38.
5
Evaluate (-16 - (11 - 20)) + 0.
-7
Evaluate -6 + (6 + (-13 - -5) - -1).
-7
Calculate (0 - 5) + (4 + -5 - -3).
-3
-7 + (4 + -1 - -2) + 7
5
Calculate -1 - (3 - (0 + 1)).
-3
Evaluate -2 + 6 - (3 - (-12 + 8)).
-3
Calculate -1 - (2 + -5) - 3 - -5.
4
1 + (-3 - (-5 + 3 + 4))
-4
What is the value of 2 - (-3 - -6) - -4 - -2?
5
0 + 1 + -3 + 7 + -8
-3
What is the value of -209 - -202 - ((-1 - -1) + -6)?
-1
Evaluate 1 - (4 + -5) - 4.
-2
What is (0 - -6) + (38 - 37)?
7
Evaluate 0 + (-2 - 0 - (-1 + 1)).
-2
What is the value of -3 + 1 - (7 + -6 - 7)?
4
-53 + 56 - ((5 - 1) + 1)
-2
What is (9 - -4) + 5 + 0 + -11?
7
Calculate 11 + (-12 - 4) + 2.
-3
What is the value of 5 + (0 + 13 - 23)?
-5
What is the value of 66 - 58 - (9 + 0)?
-1
What is 4 - (-1 - (4 - (1 - -3)))?
5
What is the value of 1 + 4 + -6 - (0 + 3)?
-4
Calculate (-6 + 5 - (2 - -1)) + 1.
-3
What is the value of 3 - (-2 + 5 + (4 - 6))?
2
2 + (3 + -4 - -2)
3
What is -4 - -2 - (5 + -6 + 2)?
-3
Calculate -9 + (11 + -11 - -15).
6
What is 1 + (4 - (0 - (-1 + -4)))?
0
Evaluate 0 + (11 - 3) + -14.
-6
What is 3 - (2 - (1 + (0 - -2)))?
4
What is the value of 6 + 9 + -10 + -10?
-5
What is the value of 7 + (-3 - -5 - 5)?
4
(7 - (2 + 6)) + 2
1
Calculate -1 + 2 + 0 + (0 - -1).
2
Evaluate -2 + -2 + -9 + 16.
3
What is 2 - -3 - (13 - 4)?
-4
What is the value of -2 + (-1 - (0 - 4))?
1
1 + 0 + -3 - -1
-1
What is the value of -4 + (2 - (5 + -7)) + -1?
-1
What is the value of 0 + -4 + 3 - -3?
2
Calculate (-2 + 3 - -1) + -4.
-2
Calculate 2 - 5 - (2 + 2 + -3).
-4
Evaluate 14 - (3 - 5 - -5).
11
Calculate -1 + 1 + (26 - 30).
-4
Evaluate (-15 - -9) + 3 + 4.
1
Calculate -5 + 3 + 1 - -6.
5
What is 1 + -4 + -3 - (-10 + 0)?
4
1 + 5 - 4 - (4 + -6)
4
(-19 - -7) + 14 + 7
9
What is -3 - ((-5 - -4) + -1 + -2)?
1
4 + (6 - 8) + -4
-2
Calculate 7 - (9 - 7 - -8).
-3
Evaluate -1 + 12 + -8 - 6.
-3
What is the value of -2 + 2 + (-7 - -3 - -2)?
-2
3 - ((41 - 35) + 1 + 1)
-5
What is 3 - (-4 + 12 - 6)?
1
1 + -7 - (1 - 4)
-3
What is 1 + -2 + (-2 - -1)?
-2
(-4 - -2) + 6 + -5
-1
What is the value of 6 - (0 + 9) - -9?
6
(-3 - -11) + (-4 - (-6 + 1))
9
(-6 - -6) + 2 + -5
-3
-1 + (7 - -5) - (2 - -2)
7
5 + 0 + -14 + 11
2
What is the value of 2 + 2 - -2 - (20 - 7)?
-7
Evaluate -5 + (-2 - (-9 - -8)).
-6
(0 - 1) + (7 - 8)
-2
Calculate (-9 + (-7 - -3) - -7) + 9.
3
Evaluate 0 - (10 - 8) - (1 - 2).
-1
What is the value of -3 + -5 + 16 - 11?
-3
Evaluate -1 + -1 + 2 + -17 + 16.
-1
Calculate (-6 - -8 - 7) + 1.
-4
Calculate (4 - -1) + -1 + -2 + -4.
-2
Evaluate 4 + -1 - (0 - 1 - 0).
4
Evaluate (-2 - (1 + -2)) + (50 - 45).
4
What is the value of 8 - ((-4 - -7) + 1) - 1?
3
What is 5 + 11 + -14 + -9?
-7
What is the value of -4 - (3 + -12) - 10?
-5
Calculate -3 + 2 - (40 + -35).
-6
What is the value of (-89 - -102) + -1 + -10?
2
-12 + 1 + 31 + -25
-5
Evaluate (-2 - 2) + (-11 - (2 - 15)).
-2
What is (-5 - -4) + (-3 - -1)?
-3
Evaluate 5 + (0 - (-2 + 12)).
-5
What is 2 - -8 - 2 - 1?
7
What is the value of -6 - 0 - (-4 + 0)?
-2
Evaluate 0 + -5 + (5 - 7) - -2.
-5
What is the value of -3 + 9 + (0 - 2) + -4?
0
(-5 - (-1 + 5 + -4)) + 8
3
What is -6 - 0 - (1 + (2 - 4))?
-5
Evaluate 10 + -18 + (-9 - -17).
0
(2 + 1 - 14) + 2 + 3
-6
43 - 52 - (0 + -4)
-5
What is 5 - (6 + 3 + -6)?
2
Evaluate 8 + 4 + -6 + -8.
-2
What is (-4 - (4 + -3)) + 1?
-4
7 - (8 - (3 + -5))
-3
What is 4 + 3 + -1 - (-9 + 9)?
6
Calculate -14 - (4 - (3 + 5 + 3)).
-7
Calculate -3 + (-3 - (-3 - 0)).
-3
Evaluate (3 - 3) + -4 - -2.
-2
Evaluate -3 + -4 + (-1 - -7) + -6.
-7
Evaluate -2 + (2 - 2) + (3 - 4).
-3
What is 11 + -9 + (-1 - 2)?
-1
What is the value of 3 - ((35 - 36) + 1 + -1)?
4
(28 - 10 - 4) + -10
4
Evaluate (2 - -1) + -7 - -2.
-2
What is the value of 1 - (0 - -1 - (-7 - -7))?
0
Calculate -9 + 6 + (2 - 2) + -3.
-6
1 - (-3 + 1 - (8 + -7))
4
What is the value of -29 + 32 - (5 + 2)?
-4
What is (1 - -6) + (-13 - -15) + -4?
5
What is (-11 - -12) + 0 + (1 - 3)?
-1
Calculate -4 - (3 - 2) - -4.
-1
-1 + (-1 - -1) - 2
-3
What is the value of 9 - 8 - (1 - 1)?
1
1 - (4 + -8) - 0 - 2
3
2 - (1 - 0) - -3
4
What is the value of -1 - 0 - (9 + -12)?
2
What is (-9 - (-20 - -15)) + 8 + 0?
4
What is -9 + -4 - (1 + -4)?
-10
Calculate -4 + (-4 - -15 - 2).
5
3 + 1 - 3 - 6
-5
Calculate -3 + -9 - -14 - (0 + 5).
-3
What is 0 + 12 - 2 - 18?
-8
Calculate 4 + (1 - 16) + 8.
-3
Calculate -1 + 4 + (-1 - 3).
-1
Calculate 3 + -15 + -9 + 13.
-8
Calculate (11 + -4 - (0 - 0)) + -11.
-4
Calculate 2 + -1 + 0 + 17 + -19.
-1
Evaluate 0 - -2 - (8 - (-2 + 11)).
3
What is -1 + (5 - (10 - (-3 + 5)))?
-4
What is (25 - 16) + -5 + 1?
5
What is -7 - (-21 + -1 - (-8 - -1))?
8
Evaluate 4 - 4 - (15 - 9).
-6
Calculate 1 + (6 + -5 - (2 + 0)).
0
What is 0 + 1 + (-11 - -3 - -2)?
-5
-91 + 90 + (4 - -1)
4
What is the value of (-3 + -1 - -2 - 0) + 0?
-2
-11 + (2 - -5) - 5
-9
Evaluate -4 - -12 - (-1 - -4).
5
What is (-9 + 9 - 1) + (-9 - -1)?
-9
Evaluate -6 + (1 - (6 + -5 - 5)).
-1
Calculate (-24 - -18) + 1 + 2.
-3
(-4 - (-1 + -6)) + -5
-2
Evaluate (-3 - (-7 - -5)) + 0 - 4.
-5
3 - (4 + -9 - -15) - -3
-4
Evaluate 7 + -1 - (2 - (1 - 4)).
1
Evaluate 328 + -331 + (-1 + 0 - -3).
-1
What is -2 + 3 + 1 + -2?
0
Evaluate (-5 - 1) + (14 - 9).
-1
Calculate 2 - 11 - (39 + -44).
-4
What is (0 - -3) + 1 + (88 - 89)?
3
What is the value of -4 + -2 + -1 + -39 + 41?
-5
What is 8 + -8 - 10 - -4?
-6
What is 50 - 52 - (-2 - -6)?
-6
Evaluate (-12 - -6 - (0 - -3)) + -1.
-10
Evaluate (1 - (1 - -3)) + (0 - 1).
-4
Calculate 12 + -1 - 7 - (6 + 2).
-4
Evaluate -6 + 2 + 6 + 0 + 2.
4
Calculate 4 + -2 - (11 - 4).
-5
What is the value of (10 - (4 - 0)) + -4?
2
1 - (0 + 0) - 2
-1
Evaluate -5 + (1 - -1) + (9 - 8).
-2
What is 3 + 1 + 3 - 9?
-2
2 - 8 - (-40 + 38)
-4
What is -8 - (-1 + 1) - (-173 + 168)?
-3
Calculate -10 + (5 - 2) + 2.
-5
What is 1 + -8 + 4 + 0 + 2?
-1
Evaluate (12 - 15 - (1 - 5)) + 4.
5
What is 1 - 2 - (-2 + 5)?
-4
Evaluate (-4 - -5) + (6 - 2).
5
Calculate -2 - -7 - (1 - 0).
4
What is (-7 + -3 - -4) + 3?
-3
Calculate (9 - 7) + -7 + 0.
-5
Calculate (-4 - 2) + 2 + 3.
-1
What is the value of 1 + -1 + (-6 - -6 - -1)?
1
Evaluate 1 + (-14 + 8 - -6).
1
What is the value of 8 - (9 + 14 + -15)?
0
What is 7 + -1 + 0 + 12 + -13?
5
Calculate -6 - ((16 - 5) + -15).
-2
-1 + 0 + 7 + -3
3
-13 - -10 - (4 - (3 - 1))
-5
Calculate 0 + 3 - (10 + -10).
3
Evaluate 6 + 0 + 2 + -9 + 6.
5
What is -1 + 0 + (-3 - (-1 + -1))?
-2
Calculate 12 + (-5 - (4 + -4)).
7
Evaluate 15 + -13 + 10 - 1.
11
What is the value of 0 + -2 + 0 - (-2 + -1)?
1
-9 + 2 - (-7 - -4 - -1)
-5
Calculate -1 - -8 - (20 - 5) - -1.
-7
Calculate -15 + 2 - (-25 - -19).
-7
(10